 is -60159 + 709?
-59450
In base 14, what is 748993 - 18?
748979
In base 8, what is -106613647 + 0?
-106613647
In base 6, what is -104112341 + -102?
-104112443
In base 7, what is 13 - 41246424?
-41246411
In base 10, what is -1794341 - 59?
-1794400
In base 13, what is 0 - 8751673?
-8751673
In base 9, what is -3 - 114847313?
-114847316
In base 4, what is -2 - -11313200001013?
11313200001011
In base 8, what is -12365220 - -161?
-12365037
In base 10, what is -1833097 - 0?
-1833097
In base 12, what is 4 - 19ba195?
-19ba191
In base 4, what is 221 + -2133033301?
-2133033020
In base 7, what is -163054 + 52041?
-111013
In base 13, what is -1 + 2771190?
277118c
In base 3, what is 10102 - -120011102022?
120011112201
In base 14, what is 410dd - 52?
4108b
In base 9, what is 28115070 - 2?
28115067
In base 14, what is 1d0 - 260c?
-241c
In base 10, what is 15321 + -2027?
13294
In base 4, what is -23113001 - 3020101?
-32133102
In base 16, what is 21d + -6992b?
-6970e
In base 6, what is 100221341535 - -3?
100221341542
In base 16, what is -18bf24d - -4?
-18bf249
In base 15, what is -4e2 + -5ddc0?
-5e3b2
In base 10, what is -21888892 + -4?
-21888896
In base 14, what is 2 - -1447c4c?
1447c50
In base 11, what is 18aa + -426?
1484
In base 12, what is -10a4751 + a8?
-10a4665
In base 4, what is -12 - 100130322011112?
-100130322011130
In base 16, what is -113f534e - 1?
-113f534f
In base 12, what is 40 + 55a6b6?
55a736
In base 7, what is 1260010 + -460?
1256220
In base 8, what is 3752 - -162337?
166311
In base 10, what is 3 - -2272055?
2272058
In base 2, what is -10000001010 - -10101100011101101?
10101010011100011
In base 4, what is 10210000 - 2230?
10201110
In base 10, what is -84259342 + -3?
-84259345
In base 11, what is -1a7 + 617493?
617297
In base 3, what is 10012 + 10001111212122?
10001111222211
In base 13, what is -134c7 - -18c?
-13338
In base 14, what is -a + -d512a22?
-d512a2c
In base 14, what is 5083 - 328?
4b59
In base 11, what is 0 + -1074656?
-1074656
In base 14, what is -107cc64 + -7?
-107cc6b
In base 16, what is -302fe - -2c?
-302d2
In base 6, what is 4 - 44150540?
-44150532
In base 8, what is 7655220763 - 3?
7655220760
In base 5, what is -3 + 2020011?
2020003
In base 8, what is 573140 - 6610?
564330
In base 12, what is 343b13 + -53?
343a80
In base 16, what is -20 + 18c6?
18a6
In base 9, what is -222801 - -314?
-222476
In base 10, what is 127853 - -199?
128052
In base 16, what is -a3 - be9fb?
-bea9e
In base 3, what is 211120111 - 111212222?
22200112
In base 6, what is 330 - -122454?
123224
In base 2, what is 10 + -1101111010110001111110?
-1101111010110001111100
In base 7, what is -505320 - 5200?
-513520
In base 14, what is 7b55cd - -5?
7b55d4
In base 14, what is -4b4060 - 13?
-4b4073
In base 6, what is 153243245 + -24?
153243221
In base 16, what is 4 - 1ca2097?
-1ca2093
In base 10, what is -4 - 2062001?
-2062005
In base 13, what is -3 + -38157c?
-381582
In base 13, what is -2b2 - 41c30?
-42212
In base 9, what is 1423215 + -122?
1423083
In base 11, what is 30a6 + -4345?
-124a
In base 4, what is 102300200332202 - 3?
102300200332133
In base 4, what is 3122202003031 + 2?
3122202003033
In base 16, what is 6 + -1b5835a?
-1b58354
In base 16, what is -1a6 - c804?
-c9aa
In base 9, what is -3685818 + 0?
-3685818
In base 12, what is 105506 - 39?
105489
In base 12, what is -164 + 254602?
25445a
In base 10, what is -6332 + 1617?
-4715
In base 5, what is -33244014 - -33?
-33243431
In base 6, what is 30244121515 + 2?
30244121521
In base 13, what is 18 - 308c2a?
-308c12
In base 9, what is -460888 - 20?
-461018
In base 10, what is -194030 + 3082?
-190948
In base 3, what is -21112122 - 201121?
-22021020
In base 14, what is 45 + 26288?
262cd
In base 13, what is -199c3a + -355?
-19a292
In base 2, what is -1001010000101 + 1010110101?
-111111010000
In base 13, what is -5c7254 - -35?
-5c721c
In base 6, what is 5 + -5403120314?
-5403120305
In base 15, what is -5e - 4628b8?
-462927
In base 16, what is 1db + -1f160a?
-1f142f
In base 4, what is -112220033 + 30?
-112220003
In base 5, what is -41 - -12414131?
12414040
In base 11, what is -47 - -5a265aa?
5a26563
In base 8, what is -340 - -5403706?
5403346
In base 7, what is 10423530320 - -2?
10423530322
In base 5, what is 4102 - 2004410?
-2000303
In base 16, what is -3 + -2c2269?
-2c226c
In base 15, what is 10edc67 + -2?
10edc65
In base 7, what is 614 + 2640113?
2641030
In base 13, what is -3b0469 + -7?
-3b0473
In base 3, what is 2 + -200010122221001?
-200010122220222
In base 4, what is -21013232123 + -30?
-21013232213
In base 9, what is 267 - 150833?
-150555
In base 12, what is 2 + -10035899?
-10035897
In base 8, what is 26 + 61010523?
61010551
In base 10, what is 1026192 + 1?
1026193
In base 16, what is -1f6 - 4915?
-4b0b
In base 16, what is -41e85 - -68?
-41e1d
In base 9, what is 3256 - 11327?
-7061
In base 6, what is -15412523 + 511?
-15412012
In base 16, what is c - -13f31?
13f3d
In base 6, what is 4103444 + 130?
4104014
In base 16, what is -2e1 - 7b7?
-a98
In base 12, what is -3 + 3b238576?
3b238573
In base 10, what is -32 - 536154?
-536186
In base 7, what is 23105 + 4561?
30666
In base 6, what is 113142232 - 115?
113142113
In base 15, what is 1 + -35925e?
-35925d
In base 2, what is -10100010110011010001 + -110?
-10100010110011010111
In base 3, what is -21110000220000 - 201?
-21110000220201
In base 8, what is -146 + -1125604?
-1125752
In base 16, what is -140c97a - 0?
-140c97a
In base 5, what is -11014 + -42022234?
-42033303
In base 14, what is 3 + 20d8a4?
20d8a7
In base 10, what is -4186310 - -5?
-4186305
In base 8, what is 162322 - 3626?
156474
In base 4, what is -10 + -11012303002?
-11012303012
In base 3, what is 1 + 2002001020112211?
2002001020112212
In base 2, what is -10101000011101110 - -101101?
-10101000011000001
In base 10, what is 6 - 9925286?
-9925280
In base 2, what is -1100001100101 + 1100111011?
-1010100101010
In base 14, what is -172 - -a032?
9ca0
In base 11, what is -4aa4179 + 3?
-4aa4176
In base 13, what is -10 + 11144?
11134
In base 6, what is -450525 + 545?
-445540
In base 4, what is 11 - 11132312000331?
-11132312000320
In base 12, what is 118b9508 - 2?
118b9506
In base 2, what is -1010100 - 1011111010101?
-1100000101001
In base 12, what is 301b72 + 1?
301b73
In base 4, what is -2311002023 + 3331?
-2310332032
In base 11, what is 14419127 + 9?
14419135
In base 9, what is 18418738 + -4?
18418734
In base 13, what is -5 + 307136?
307131
In base 4, what is 1020202102 - -32?
1020202200
In base 14, what is 1032440d - 5?
10324408
In base 6, what is 41 + 255405155?
255405240
In base 6, what is -42015140 - 51?
-42015231
In base 13, what is -3111b71 - 1?
-3111b72
In base 2, what is -1000110101 + -1110000011101001?
-1110001100011110
In base 12, what is -2781 - -21b91?
1b410
In base 16, what is 5 + -22cf83d?
-22cf838
In base 4, what is -3223302022 + -10?
-3223302032
In base 2, what is -11111111110100000 - 1110000001?
-100000001100100001
In base 13, what is 48c52 - -963?
498b5
In base 13, what is -a549b - 185?
-a5653
In base 4, what is -1110200303 + 1321?
-1110132322
In base 12, what is 998 - 2567?
-178b
In base 9, what is 5 - -5004272?
5004277
In base 14, what is -43 + 25a6?
2563
In base 15, what is -9 + -221e79?
-221e83
In base 7, what is 2204 - -1155223?
1160430
In base 11, what is -4 + -13587759?
-13587762
In base 5, what is 0 + 124122031214?
124122031214
In base 8, what is 124351 + -671?
123460
In base 8, what is -3407212 + 40?
-3407152
In base 10, what is -2786215 + -178?
-2786393
In base 11, what is -4a033 + -1a28?
-50a60
In base 11, what is 1a7 + 976414?
976610
In base 15, what is -5011656 + 3?
-5011653
In base 4, what is -13320310113 + 2?
-13320310111
In base 16, what is ec65 - -531?
f196
In base 11, what is 30 - 10635?
-10605
In base 13, what is 3 - -1049422?
1049425
In base 7, what is 1 - -1442013?
1442014
In base 11, what is 5 - 7301058?
-7301053
In base 4, what is 20123010302 - 11?
20123010231
In base 15, what is -dbde9 - -4?
-dbde5
In base 3, what is -2102112 - 20110220002?
-20120022121
In base 9, what is -2511 - 7214?
-10725
In base 4, what is 1 + 1113001121?
1113001122
In base 4, what is -330133310121 + -12?
-330133310133
In base 16, what is 17 + -8e17?
-8e00
In base 10, what is -5 - 66321104?
-66321109